t 1223 (base 4) to base 5.
412
-14 (base 8) to base 6
-20
Convert 4 (base 10) to base 16.
4
-30 (base 5) to base 11
-14
Convert -5 (base 11) to base 16.
-5
-3 (base 9) to base 3
-10
Convert 0 (base 9) to base 15.
0
246 (base 7) to base 3
11220
What is 1b (base 15) in base 10?
26
81 (base 14) to base 2
1110001
1 (base 7) to base 11
1
-1 (base 11) to base 4
-1
-4 (base 13) to base 8
-4
What is -242 (base 10) in base 11?
-200
Convert -d (base 16) to base 13.
-10
97 (base 10) to base 7
166
1 (base 16) to base 15
1
2 (base 14) to base 9
2
What is -151 (base 6) in base 10?
-67
Convert 0 (base 3) to base 6.
0
Convert 3 (base 14) to base 15.
3
What is -10110 (base 2) in base 14?
-18
2a (base 12) to base 11
31
Convert 100 (base 2) to base 15.
4
3 (base 13) to base 3
10
-15 (base 8) to base 14
-d
365 (base 9) to base 10
302
Convert 1 (base 16) to base 9.
1
-1 (base 8) to base 2
-1
Convert 6 (base 7) to base 3.
20
What is -14 (base 5) in base 7?
-12
65 (base 14) to base 3
10022
Convert 100 (base 6) to base 11.
33
3 (base 7) to base 16
3
Convert -31 (base 10) to base 14.
-23
What is -109 (base 10) in base 15?
-74
What is -222 (base 3) in base 2?
-11010
What is -23 (base 5) in base 3?
-111
43 (base 12) to base 4
303
Convert 104 (base 7) to base 4.
311
-6 (base 14) to base 15
-6
-64 (base 14) to base 5
-323
What is 56 (base 7) in base 15?
2b
-7 (base 11) to base 4
-13
Convert ba (base 14) to base 3.
20002
What is 152 (base 10) in base 6?
412
What is -414 (base 6) in base 15?
-a4
6b (base 12) to base 6
215
-4 (base 16) to base 10
-4
-26 (base 10) to base 11
-24
Convert -12 (base 8) to base 16.
-a
0 (base 13) to base 4
0
Convert 25 (base 9) to base 10.
23
Convert 7 (base 16) to base 9.
7
Convert 340 (base 7) to base 5.
1200
What is 10 (base 2) in base 6?
2
Convert -11 (base 8) to base 12.
-9
What is 9 (base 12) in base 8?
11
What is -100001100 (base 2) in base 12?
-1a4
What is -4 (base 16) in base 9?
-4
Convert -1 (base 14) to base 15.
-1
-2 (base 3) to base 6
-2
20c (base 13) to base 6
1342
What is -11 (base 9) in base 10?
-10
What is -2a (base 13) in base 4?
-210
What is 22 (base 9) in base 11?
19
6 (base 11) to base 8
6
Convert 4 (base 16) to base 8.
4
11001 (base 2) to base 11
23
36 (base 13) to base 6
113
Convert 3 (base 8) to base 6.
3
1 (base 11) to base 13
1
Convert -a3 (base 14) to base 11.
-120
-101011010 (base 2) to base 4
-11122
1 (base 8) to base 16
1
4 (base 15) to base 4
10
Convert 10 (base 6) to base 5.
11
Convert -17 (base 14) to base 2.
-10101
-44 (base 5) to base 7
-33
What is 1010110 (base 2) in base 3?
10012
What is -3 (base 11) in base 6?
-3
53 (base 7) to base 14
2a
-23 (base 16) to base 5
-120
-111 (base 3) to base 7
-16
Convert -6 (base 15) to base 3.
-20
Convert 19 (base 13) to base 11.
20
What is -2 (base 14) in base 9?
-2
What is -5 (base 9) in base 10?
-5
1 (base 3) to base 10
1
What is -3 (base 5) in base 4?
-3
-3 (base 5) to base 6
-3
What is -12202 (base 3) in base 8?
-233
What is 0 (base 13) in base 4?
0
Convert 7 (base 16) to base 5.
12
10 (base 2) to base 15
2
-2d (base 14) to base 5
-131
What is -91 (base 14) in base 10?
-127
What is 18 (base 10) in base 3?
200
Convert 15 (base 6) to base 4.
23
Convert -101 (base 2) to base 5.
-10
Convert 0 (base 5) to base 9.
0
What is 350 (base 7) in base 5?
1212
314 (base 7) to base 2
10011110
-1d (base 15) to base 6
-44
-346 (base 8) to base 14
-126
Convert 6 (base 10) to base 2.
110
-146 (base 9) to base 8
-173
What is -202 (base 8) in base 3?
-11211
What is -14 (base 8) in base 15?
-c
What is 124 (base 6) in base 16?
34
What is -33 (base 6) in base 13?
-18
Convert 2 (base 16) to base 10.
2
Convert -100 (base 5) to base 3.
-221
5 (base 15) to base 9
5
What is 113 (base 8) in base 5?
300
Convert -1 (base 10) to base 13.
-1
-7 (base 14) to base 8
-7
Convert -26 (base 15) to base 6.
-100
Convert 114 (base 16) to base 14.
15a
Convert -4 (base 5) to base 16.
-4
What is 0 (base 5) in base 2?
0
Convert -1101 (base 2) to base 12.
-11
What is 101 (base 5) in base 8?
32
What is -5 (base 13) in base 4?
-11
Convert -1 (base 6) to base 11.
-1
What is -201 (base 4) in base 14?
-25
What is -22 (base 5) in base 16?
-c
Convert -106 (base 8) to base 3.
-2121
-10 (base 2) to base 15
-2
0 (base 5) to base 14
0
Convert 23 (base 6) to base 9.
16
4 (base 16) to base 14
4
Convert 13 (base 14) to base 4.
101
Convert -122 (base 5) to base 10.
-37
What is -2 (base 8) in base 2?
-10
1 (base 14) to base 4
1
0 (base 15) to base 16
0
What is 5 (base 6) in base 14?
5
-46 (base 11) to base 16
-32
1221 (base 5) to base 13
114
127 (base 8) to base 9
106
What is -22 (base 6) in base 9?
-15
Convert -6 (base 10) to base 11.
-6
10233 (base 4) to base 5
2203
What is -43 (base 7) in base 16?
-1f
Convert 2 (base 7) to base 8.
2
Convert -1100 (base 2) to base 10.
-12
What is 74 (base 10) in base 14?
54
What is 2 (base 10) in base 2?
10
2 (base 16) to base 2
10
Convert -10 (base 8) to base 7.
-11
Convert -6 (base 14) to base 12.
-6
Convert 143 (base 6) to base 11.
58
What is 3 (base 12) in base 7?
3
Convert 2 (base 3) to base 16.
2
1110010 (base 2) to base 10
114
What is -137 (base 8) in base 6?
-235
4 (base 8) to base 14
4
Convert 3 (base 5) to base 11.
3
What is 25 (base 10) in base 12?
21
What is -72 (base 9) in base 3?
-2102
Convert 5 (base 7) to base 15.
5
-6f (base 16) to base 15
-76
Convert 28 (base 9) to base 6.
42
What is -2 (base 10) in base 5?
-2
Convert -20 (base 6) to base 8.
-14
What is 144 (base 11) in base 8?
251
-37 (base 8) to base 11
-29
Convert 4 (base 5) to base 4.
10
Convert 0 (base 12) to base 9.
0
Convert -32 (base 14) to base 8.
-54
Convert -14 (base 5) to base 15.
-9
Convert 31 (base 7) to base 2.
10110
What is -124 (base 6) in base 5?
-202
Convert 16 (base 12) to base 14.
14
-131 (base 4) to base 3
-1002
What is -503 (base 7) in base 5?
-1443
Convert -7 (base 15) to base 13.
-7
Convert 2 (base 5) to base 15.
2
What is 22 (base 3) in base 13?
8
Convert 1 (base 11) to base 4.
1
-a2 (base 12) to base 2
-1111010
14 (base 12) to base 5
31
What is 0 (base 6) in base 5?
0
-3 (base 11) to base 13
-3
What is f (base 16) in base 5?
30
Convert 2 (base 4) to base 8.
2
44 (base 9) to base 8
50
-20 (base 13) to base 10
-26
-112 (base 3) to base 6
-22
0 (base 15) to base 2
0
Convert 26 (base 13) to base 4.
200
-74 (base 12) to base 15
-5d
What is 232 (base 4) in base 10?
46
1a (base 11) to base 16
15
Convert -15 (base 10) to base 15.
-10
1 (base 3) to base 8
1
30 (base 11) to base 16
21
What is -9 (base 16) in base 8?
-11
-112 (base 3) to base 15
-e
What is -11 (base 5) in base 12?
-6
Convert 302 (base 4) to base 7.
101
10 (base 7) to base 9
7
What is -100 (base 3) in base 6?
-13
Convert -1 (base 14) to base 13.
-1
What is 321 (base 7) in base 13?
c6
What is 35 (base 12) in base 3?
1112
2e (base 16) to base 6
114
Convert -7 (base 12) to base 4.
-13
25 (base 15) to base 9
38
Convert -1 (base 11) to base 2.
-1
What is -2 (base 11) in base 15?
-2
Convert -12 (base 9) to base 16.
-b
Convert 2 (base 15) to base 2.
10
-123 (base 12) to base 16
-ab
Convert -100 (base 4) to base 13.
-13
What is 2034 (base 5) in base 8?
415
What is -5 (base 12) in base 9?
-5
20 (base 8) to base 6
24
2 (base 5) to base 9
2
-5 (base 14) to base 7
-5
Convert 3 (base 10) to base 13.
3
Convert -8 (base 15) to base 10.
-8
Convert -12 (base 4) to base 9.
-6
Convert -29 (base 14) to base 10.
-37
Convert 13 (base 16) to base 5.
34
Convert 101011001 (base 2) to base 11.
294
Convert -102 (base 4) to base 15.
-13
-24 (base 7) to base 14
-14
-111222 (base 3) to base 6
-1425
-5 (base 7) to base 14
-5
Convert 110001 (base 2) to base 13.
3a
What is -18 (base 10) in base 4?
-102
Convert 73 (base 12) to base 14.
63
-dc (base 14) to base 4
-3002
What is -101 (base 7) in base 14?
-38
Convert -252 (base 7) to base 11.
-113
-5 (base 7) to base 3
-12
What is -48 (base 13) in base 10?
-60
What is -124 (base 6) in base 15?
-37
7 (base 8) to base 4
13
Convert -1a0 (base 12) to base 9.
-323
d2 (base 15) to base 11
16a
Convert 1024 (base 5) to base 9.
164
-196 (base 10) to base 7
-400
Convert 1 (base 5) to base 14.
1
Convert -3 (base 10) to base 6.
-3
-1 (base 6) to base 16
-1
Convert -1 (base 12) to base 5.
-1
0 (base 12) to base 6
0
Convert -1 (base 7) to base 16